{"id":103855,"date":"2026-01-31T20:27:17","date_gmt":"2026-01-31T19:27:17","guid":{"rendered":"https:\/\/tomajazz.com\/web\/?page_id=103855"},"modified":"2026-01-31T20:27:17","modified_gmt":"2026-01-31T19:27:17","slug":"el-libro-de-los-desapuntados","status":"publish","type":"page","link":"https:\/\/tomajazz.com\/web\/el-libro-de-los-desapuntados\/","title":{"rendered":"El libro de los desapuntados"},"content":{"rendered":"","protected":false},"excerpt":{"rendered":"<p><span class=\"more-link\"><a href=\"https:\/\/tomajazz.com\/web\/el-libro-de-los-desapuntados\/\">Contin\u00faa leyendo<\/a><\/span><\/p>\n","protected":false},"author":1,"featured_media":0,"parent":0,"menu_order":0,"comment_status":"closed","ping_status":"closed","template":"","meta":{"jetpack_post_was_ever_published":false,"footnotes":""},"class_list":["entry","author-pachi","post-103855","page","type-page","status-publish"],"jetpack_likes_enabled":true,"jetpack_sharing_enabled":true,"jetpack-related-posts":[{"id":4121,"url":"https:\/\/tomajazz.com\/web\/tomajazz-2-0\/","url_meta":{"origin":103855,"position":0},"title":"Tomajazz: un cuaderno de bit\u00e1cora&#8230; o algo parecido [Historia de Tomajazz AKA Qui\u00e9nes somos &#8211; Qu\u00e9 hacemos]","author":"Tomajazz","date":"28 enero, 2013","format":false,"excerpt":"\u00a0 Tomajazz y su cuaderno de bit\u00e1cora... las \u00faltimas novedades... 2026-03-31: \u00a1nos cambiamos de casa! (que no de alojamiento): como en Tomajazz somos muy apa\u00f1ados y hacemos de la necesidad virtud, aprovechando que ten\u00edamos que actualizar el sistema operativo del servidor, procedimos no s\u00f3lo a actualizar el sistema operativo, sino\u2026","rel":"","context":"Entrada similar","block_context":{"text":"Entrada similar","link":""},"img":{"alt_text":"Tomajazz: un cuaderno de bit\u00e1cora... o algo parecido [Historia de Tomajazz AKA Qui\u00e9nes somos - Qu\u00e9 hacemos] - Tomajazz","src":"https:\/\/i0.wp.com\/tomajazz.com\/web\/wp-content\/uploads\/2024\/11\/Esfera-Jazz-20241130-Tomajazz-Quienes-Somos.jpg?resize=350%2C200&ssl=1","width":350,"height":200,"srcset":"https:\/\/i0.wp.com\/tomajazz.com\/web\/wp-content\/uploads\/2024\/11\/Esfera-Jazz-20241130-Tomajazz-Quienes-Somos.jpg?resize=350%2C200&ssl=1 1x, https:\/\/i0.wp.com\/tomajazz.com\/web\/wp-content\/uploads\/2024\/11\/Esfera-Jazz-20241130-Tomajazz-Quienes-Somos.jpg?resize=525%2C300&ssl=1 1.5x"},"classes":[]},{"id":74718,"url":"https:\/\/tomajazz.com\/web\/especial-festivales-de-jazz-de-verano-de-2023\/","url_meta":{"origin":103855,"position":1},"title":"Especial Festivales de jazz de verano de 2023 en Espa\u00f1a [Especial Noticias de jazz]","author":"Tomajazz","date":"11 junio, 2023","format":false,"excerpt":"https:\/\/tomajazz.com\/web\/festivales-de-jazz\/ Para estar al tanto de los Festivales, Ciclos, Seminarios y Exposiciones de jazz, te recomendamos visitar la p\u00e1gina https:\/\/tomajazz.com\/web\/festivales-de-jazz\/ Los Festivales de jazz de verano de 2023 Una lista, no exhaustiva, aunque pretende ser lo m\u00e1s completa posible, de los Festivales de Jazz del verano de 2023 en Espa\u00f1a.\u2026","rel":"","context":"Entrada similar","block_context":{"text":"Entrada similar","link":""},"img":{"alt_text":"Especial Festivales de jazz de verano de 2023 en Espa\u00f1a [Especial Noticias de jazz] - Tomajazz 9.0","src":"https:\/\/i0.wp.com\/tomajazz.com\/web\/wp-content\/uploads\/2023\/06\/Caratulas-Festivales-de-Jazz-de-Verano-2023-01.jpg?resize=350%2C200&ssl=1","width":350,"height":200,"srcset":"https:\/\/i0.wp.com\/tomajazz.com\/web\/wp-content\/uploads\/2023\/06\/Caratulas-Festivales-de-Jazz-de-Verano-2023-01.jpg?resize=350%2C200&ssl=1 1x, https:\/\/i0.wp.com\/tomajazz.com\/web\/wp-content\/uploads\/2023\/06\/Caratulas-Festivales-de-Jazz-de-Verano-2023-01.jpg?resize=525%2C300&ssl=1 1.5x, https:\/\/i0.wp.com\/tomajazz.com\/web\/wp-content\/uploads\/2023\/06\/Caratulas-Festivales-de-Jazz-de-Verano-2023-01.jpg?resize=700%2C400&ssl=1 2x"},"classes":[]},{"id":78785,"url":"https:\/\/tomajazz.com\/web\/festivales-de-jazz\/","url_meta":{"origin":103855,"position":2},"title":"Los Festivales de jazz, Ciclos, Seminarios, Conciertos, Exposiciones y Eventos de jazz en Espa\u00f1a [Especial jazz en Espa\u00f1a]","author":"Tomajazz","date":"24 septiembre, 2023","format":false,"excerpt":"Especial Festivales de jazz... ciclos de jazz, seminarios... exposiciones... y m\u00e1s... Esta lista, no exhaustiva (aunque pretende ser lo m\u00e1s completa posible), intenta recopilar la informaci\u00f3n de los conciertos, Festivales de Jazz, Ciclos de jazz, Seminarios, Exposiciones, Conferencias y distintos eventos relacionados con el jazz que tendr\u00e1n lugar en Espa\u00f1a\u2026","rel":"","context":"Entrada similar","block_context":{"text":"Entrada similar","link":""},"img":{"alt_text":"Los Festivales de jazz, Ciclos, Seminarios, Conciertos, Exposiciones y Eventos de jazz en Espa\u00f1a - Tomajazz","src":"https:\/\/i0.wp.com\/tomajazz.com\/web\/wp-content\/uploads\/2024\/02\/Los-Festivales-de-jazz-Ciclos-Seminarios-Conciertos-Exposiciones-y-Eventos-de-jazz-en-Espana-collage-2024-02-Tomajazz-Noticias-2.jpg?resize=350%2C200&ssl=1","width":350,"height":200,"srcset":"https:\/\/i0.wp.com\/tomajazz.com\/web\/wp-content\/uploads\/2024\/02\/Los-Festivales-de-jazz-Ciclos-Seminarios-Conciertos-Exposiciones-y-Eventos-de-jazz-en-Espana-collage-2024-02-Tomajazz-Noticias-2.jpg?resize=350%2C200&ssl=1 1x, https:\/\/i0.wp.com\/tomajazz.com\/web\/wp-content\/uploads\/2024\/02\/Los-Festivales-de-jazz-Ciclos-Seminarios-Conciertos-Exposiciones-y-Eventos-de-jazz-en-Espana-collage-2024-02-Tomajazz-Noticias-2.jpg?resize=525%2C300&ssl=1 1.5x, https:\/\/i0.wp.com\/tomajazz.com\/web\/wp-content\/uploads\/2024\/02\/Los-Festivales-de-jazz-Ciclos-Seminarios-Conciertos-Exposiciones-y-Eventos-de-jazz-en-Espana-collage-2024-02-Tomajazz-Noticias-2.jpg?resize=700%2C400&ssl=1 2x"},"classes":[]}],"_links":{"self":[{"href":"https:\/\/tomajazz.com\/web\/wp-json\/wp\/v2\/pages\/103855","targetHints":{"allow":["GET"]}}],"collection":[{"href":"https:\/\/tomajazz.com\/web\/wp-json\/wp\/v2\/pages"}],"about":[{"href":"https:\/\/tomajazz.com\/web\/wp-json\/wp\/v2\/types\/page"}],"author":[{"embeddable":true,"href":"https:\/\/tomajazz.com\/web\/wp-json\/wp\/v2\/users\/1"}],"replies":[{"embeddable":true,"href":"https:\/\/tomajazz.com\/web\/wp-json\/wp\/v2\/comments?post=103855"}],"version-history":[{"count":1,"href":"https:\/\/tomajazz.com\/web\/wp-json\/wp\/v2\/pages\/103855\/revisions"}],"predecessor-version":[{"id":103856,"href":"https:\/\/tomajazz.com\/web\/wp-json\/wp\/v2\/pages\/103855\/revisions\/103856"}],"wp:attachment":[{"href":"https:\/\/tomajazz.com\/web\/wp-json\/wp\/v2\/media?parent=103855"}],"curies":[{"name":"wp","href":"https:\/\/api.w.org\/{rel}","templated":true}]}}