{"id":18871,"date":"2015-06-25T01:04:20","date_gmt":"2015-06-24T23:04:20","guid":{"rendered":"http:\/\/www.tomajazz.com\/web\/?page_id=18871"},"modified":"2015-06-25T21:02:34","modified_gmt":"2015-06-25T19:02:34","slug":"se-dice-se-comenta-de-tomajazz-beta","status":"publish","type":"page","link":"https:\/\/tomajazz.com\/web\/se-dice-se-comenta-de-tomajazz-beta\/","title":{"rendered":"Se dice, se comenta de Tomajazz (Beta)"},"content":{"rendered":"<p>[testimonials columns=1 showposts=10 orderby=date]<\/p>\n","protected":false},"excerpt":{"rendered":"<p>[testimonials columns=1 showposts=10 orderby=date]<span class=\"more-link\"><a href=\"https:\/\/tomajazz.com\/web\/se-dice-se-comenta-de-tomajazz-beta\/\">Contin\u00faa leyendo<\/a><\/span><\/p>\n","protected":false},"author":1,"featured_media":18870,"parent":0,"menu_order":0,"comment_status":"open","ping_status":"closed","template":"","meta":{"jetpack_post_was_ever_published":false,"footnotes":""},"class_list":["entry","author-pachi","post-18871","page","type-page","status-publish","has-post-thumbnail"],"jetpack_likes_enabled":true,"jetpack_sharing_enabled":true,"jetpack-related-posts":[{"id":36894,"url":"https:\/\/tomajazz.com\/web\/politica-de-privacidad\/","url_meta":{"origin":18871,"position":0},"title":"Pol\u00edtica de privacidad","author":"Tomajazz","date":"25 mayo, 2018","format":false,"excerpt":"Qui\u00e9nes somos La direcci\u00f3n de nuestra web es: https:\/\/tomajazz.com\/web. Qu\u00e9 datos personales recogemos y por qu\u00e9 los recogemos Comentarios Cuando los visitantes dejan comentarios en la web, recopilamos los datos que se muestran en el formulario de comentarios, as\u00ed como la direcci\u00f3n IP del visitante y la cadena de agentes\u2026","rel":"","context":"Entrada similar","block_context":{"text":"Entrada similar","link":""},"img":{"alt_text":"","src":"","width":0,"height":0},"classes":[]},{"id":103855,"url":"https:\/\/tomajazz.com\/web\/el-libro-de-los-desapuntados\/","url_meta":{"origin":18871,"position":1},"title":"El libro de los desapuntados","author":"Tomajazz","date":"31 enero, 2026","format":false,"excerpt":"","rel":"","context":"Entrada similar","block_context":{"text":"Entrada similar","link":""},"img":{"alt_text":"","src":"","width":0,"height":0},"classes":[]},{"id":37000,"url":"https:\/\/tomajazz.com\/web\/los-podcast-de-tomajazz-y-alrededores\/","url_meta":{"origin":18871,"position":2},"title":"Los podcast de Tomajazz&#8230; y alrededores","author":"Tomajazz","date":"30 mayo, 2018","format":false,"excerpt":"En Telegram puedes seguir todos los podcast que publicamos en Tomajazz https:\/\/t.me\/TomajazzPodcast Estos son algunos de los podcast\u00a0y programas de radio que se emiten y publican desde Tomajazz, y\/o que son realizados por algunos de los colaboradores de Tomajazz: HDO: Hablando de O\u00eddas de Pachi Tapiz\u00a0\/\u00a0Para seguir HDO en Telegram\u2026","rel":"","context":"Entrada similar","block_context":{"text":"Entrada similar","link":""},"img":{"alt_text":"","src":"https:\/\/i0.wp.com\/tomajazz.com\/web\/wp-content\/uploads\/2018\/05\/Los-podcast-de-Tomajazz.png?resize=350%2C200&ssl=1","width":350,"height":200},"classes":[]},{"id":4121,"url":"https:\/\/tomajazz.com\/web\/tomajazz-2-0\/","url_meta":{"origin":18871,"position":3},"title":"Tomajazz: un cuaderno de bit\u00e1cora&#8230; o algo parecido [Historia de Tomajazz AKA Qui\u00e9nes somos &#8211; Qu\u00e9 hacemos]","author":"Tomajazz","date":"28 enero, 2013","format":false,"excerpt":"\u00a0 Tomajazz y su cuaderno de bit\u00e1cora... las \u00faltimas novedades... 2026-03-31: \u00a1nos cambiamos de casa! (que no de alojamiento): como en Tomajazz somos muy apa\u00f1ados y hacemos de la necesidad virtud, aprovechando que ten\u00edamos que actualizar el sistema operativo del servidor, procedimos no s\u00f3lo a actualizar el sistema operativo, sino\u2026","rel":"","context":"Entrada similar","block_context":{"text":"Entrada similar","link":""},"img":{"alt_text":"Tomajazz: un cuaderno de bit\u00e1cora... o algo parecido [Historia de Tomajazz AKA Qui\u00e9nes somos - Qu\u00e9 hacemos] - Tomajazz","src":"https:\/\/i0.wp.com\/tomajazz.com\/web\/wp-content\/uploads\/2024\/11\/Esfera-Jazz-20241130-Tomajazz-Quienes-Somos.jpg?resize=350%2C200&ssl=1","width":350,"height":200,"srcset":"https:\/\/i0.wp.com\/tomajazz.com\/web\/wp-content\/uploads\/2024\/11\/Esfera-Jazz-20241130-Tomajazz-Quienes-Somos.jpg?resize=350%2C200&ssl=1 1x, https:\/\/i0.wp.com\/tomajazz.com\/web\/wp-content\/uploads\/2024\/11\/Esfera-Jazz-20241130-Tomajazz-Quienes-Somos.jpg?resize=525%2C300&ssl=1 1.5x"},"classes":[]},{"id":50448,"url":"https:\/\/tomajazz.com\/web\/proximamente-en-tomajazz\/","url_meta":{"origin":18871,"position":4},"title":"Pr\u00f3ximamente en Tomajazz&#8230; [Agenda]","author":"Tomajazz","date":"30 abril, 2020","format":false,"excerpt":"Pr\u00f3ximamente en Tomajazz... o una agenda de lo que vendr\u00e1... Semana del 29 de junio al 5 de julio de 2020.\u00a0 En una semana ya a pleno rendimiento, est\u00e1 previsto lo siguiente: un nuevo cap\u00edtulo de La Odisea de la M\u00fasica Afroamericana de Luis Escalante Ozalla, dedicado al enorme Lee\u2026","rel":"","context":"Entrada similar","block_context":{"text":"Entrada similar","link":""},"img":{"alt_text":"","src":"https:\/\/i0.wp.com\/tomajazz.com\/web\/wp-content\/uploads\/2020\/04\/Tomajazz_pantallazo-2020_04_30.jpg?resize=350%2C200&ssl=1","width":350,"height":200},"classes":[]},{"id":74718,"url":"https:\/\/tomajazz.com\/web\/especial-festivales-de-jazz-de-verano-de-2023\/","url_meta":{"origin":18871,"position":5},"title":"Especial Festivales de jazz de verano de 2023 en Espa\u00f1a [Especial Noticias de jazz]","author":"Tomajazz","date":"11 junio, 2023","format":false,"excerpt":"https:\/\/tomajazz.com\/web\/festivales-de-jazz\/ Para estar al tanto de los Festivales, Ciclos, Seminarios y Exposiciones de jazz, te recomendamos visitar la p\u00e1gina https:\/\/tomajazz.com\/web\/festivales-de-jazz\/ Los Festivales de jazz de verano de 2023 Una lista, no exhaustiva, aunque pretende ser lo m\u00e1s completa posible, de los Festivales de Jazz del verano de 2023 en Espa\u00f1a.\u2026","rel":"","context":"Entrada similar","block_context":{"text":"Entrada similar","link":""},"img":{"alt_text":"Especial Festivales de jazz de verano de 2023 en Espa\u00f1a [Especial Noticias de jazz] - Tomajazz 9.0","src":"https:\/\/i0.wp.com\/tomajazz.com\/web\/wp-content\/uploads\/2023\/06\/Caratulas-Festivales-de-Jazz-de-Verano-2023-01.jpg?resize=350%2C200&ssl=1","width":350,"height":200,"srcset":"https:\/\/i0.wp.com\/tomajazz.com\/web\/wp-content\/uploads\/2023\/06\/Caratulas-Festivales-de-Jazz-de-Verano-2023-01.jpg?resize=350%2C200&ssl=1 1x, https:\/\/i0.wp.com\/tomajazz.com\/web\/wp-content\/uploads\/2023\/06\/Caratulas-Festivales-de-Jazz-de-Verano-2023-01.jpg?resize=525%2C300&ssl=1 1.5x, https:\/\/i0.wp.com\/tomajazz.com\/web\/wp-content\/uploads\/2023\/06\/Caratulas-Festivales-de-Jazz-de-Verano-2023-01.jpg?resize=700%2C400&ssl=1 2x"},"classes":[]}],"_links":{"self":[{"href":"https:\/\/tomajazz.com\/web\/wp-json\/wp\/v2\/pages\/18871","targetHints":{"allow":["GET"]}}],"collection":[{"href":"https:\/\/tomajazz.com\/web\/wp-json\/wp\/v2\/pages"}],"about":[{"href":"https:\/\/tomajazz.com\/web\/wp-json\/wp\/v2\/types\/page"}],"author":[{"embeddable":true,"href":"https:\/\/tomajazz.com\/web\/wp-json\/wp\/v2\/users\/1"}],"replies":[{"embeddable":true,"href":"https:\/\/tomajazz.com\/web\/wp-json\/wp\/v2\/comments?post=18871"}],"version-history":[{"count":3,"href":"https:\/\/tomajazz.com\/web\/wp-json\/wp\/v2\/pages\/18871\/revisions"}],"predecessor-version":[{"id":18877,"href":"https:\/\/tomajazz.com\/web\/wp-json\/wp\/v2\/pages\/18871\/revisions\/18877"}],"wp:featuredmedia":[{"embeddable":true,"href":"https:\/\/tomajazz.com\/web\/wp-json\/wp\/v2\/media\/18870"}],"wp:attachment":[{"href":"https:\/\/tomajazz.com\/web\/wp-json\/wp\/v2\/media?parent=18871"}],"curies":[{"name":"wp","href":"https:\/\/api.w.org\/{rel}","templated":true}]}}

<p>[testimonials columns=1 showposts=10 orderby=date]<span class="more-link"><a href="https://tomajazz.com/web/se-dice-se-comenta-de-tomajazz-beta/">Continúa leyendo</a></span></p>

Política de privacidad

Quiénes somos La dirección de nuestra web es: https://tomajazz.com/web. Qué datos personales recogemos y por qué los recogemos Comentarios Cuando los visitantes dejan comentarios en la web, recopilamos los datos que se muestran en el formulario de comentarios, así como la dirección IP del visitante y la cadena de agentes…

En Telegram puedes seguir todos los podcast que publicamos en Tomajazz https://t.me/TomajazzPodcast Estos son algunos de los podcast y programas de radio que se emiten y publican desde Tomajazz, y/o que son realizados por algunos de los colaboradores de Tomajazz: HDO: Hablando de Oídas de Pachi Tapiz / Para seguir HDO en Telegram…

Tomajazz: un cuaderno de bitácora&#8230; o algo parecido [Historia de Tomajazz AKA Quiénes somos &#8211; Qué hacemos]

Tomajazz y su cuaderno de bitácora... las últimas novedades... 2026-03-31: ¡nos cambiamos de casa! (que no de alojamiento): como en Tomajazz somos muy apañados y hacemos de la necesidad virtud, aprovechando que teníamos que actualizar el sistema operativo del servidor, procedimos no sólo a actualizar el sistema operativo, sino…

Tomajazz: un cuaderno de bitácora... o algo parecido [Historia de Tomajazz AKA Quiénes somos - Qué hacemos] - Tomajazz

Próximamente en Tomajazz&#8230; [Agenda]

Próximamente en Tomajazz... o una agenda de lo que vendrá... Semana del 29 de junio al 5 de julio de 2020.  En una semana ya a pleno rendimiento, está previsto lo siguiente: un nuevo capítulo de La Odisea de la Música Afroamericana de Luis Escalante Ozalla, dedicado al enorme Lee…

Especial Festivales de jazz de verano de 2023 en España [Especial Noticias de jazz]

https://tomajazz.com/web/festivales-de-jazz/ Para estar al tanto de los Festivales, Ciclos, Seminarios y Exposiciones de jazz, te recomendamos visitar la página https://tomajazz.com/web/festivales-de-jazz/ Los Festivales de jazz de verano de 2023 Una lista, no exhaustiva, aunque pretende ser lo más completa posible, de los Festivales de Jazz del verano de 2023 en España.…

Especial Festivales de jazz de verano de 2023 en España [Especial Noticias de jazz] - Tomajazz 9.0
